10 (base 2) to base 14
-23ba8a
-7121000 (base 8) to base 14
-36bbc4
Convert -102111102102 (base 3) to base 11.
-145026
What is -36314200 (base 7) in base 5?
-1311341230
-29d29 (base 15) to base 14
-37097
What is 102022120212100 (base 3) in base 4?
112330132200
What is 24bcf (base 16) in base 14?
3cba7
-24032313 (base 5) to base 11
-141011
Convert 2196cd (base 16) to base 12.
8a1a91
101111101022111 (base 3) to base 14
a52a2c
Convert 1653236 (base 9) to base 3.
1201210021020
What is -1548a5 (base 14) in base 15?
-ea063
What is 252405 (base 10) in base 15?
4ebc0
54436421 (base 7) to base 11
26a698a
What is -313065 (base 8) in base 5?
-11311424
Convert -180810 (base 13) to base 15.
-bd1b6
-52388 (base 11) to base 4
-102220212
What is 1135016 (base 7) in base 15?
2c742
-10222010112 (base 3) to base 4
-103010102
Convert -19d588 (base 15) to base 14.
-24b332
Convert 1022020221120 (base 3) to base 9.
1266846
Convert -200220002202 (base 3) to base 2.
-1011010110010011000
What is -2000201100222 (base 3) in base 12?
-43b322
1101010010111011010110 (base 2) to base 10
3485398
Convert 30807 (base 12) to base 5.
4011432
What is -7a3a5 (base 14) in base 4?
-1020201331
What is 553326 (base 7) in base 2?
10111101111010100
1001011101110100101 (base 2) to base 16
4bba5
-945602 (base 10) to base 3
-1210001010022
What is e950 (base 16) in base 7?
336064
42015 (base 10) to base 4
22100133
What is 2800363 (base 10) in base 16?
2abaeb
What is -111111101011100000 (base 2) in base 7?
-2134305
Convert 2284021 (base 11) to base 13.
a980b1
Convert 44010304 (base 5) to base 3.
201002100222
75c2 (base 15) to base 11
17806
Convert -3654a3 (base 11) to base 4.
-2031023023
Convert 212687 (base 10) to base 4.
303323033
-1047482 (base 10) to base 16
-ffbba
Convert ff65 (base 16) to base 11.
45138
ad2da9 (base 15) to base 7
130136421
Convert -363647 (base 14) to base 16.
-1c47ff
What is 18392 (base 10) in base 5?
1042032
-2614136 (base 8) to base 3
-1100221102220
Convert 3657a2 (base 11) to base 8.
2152065
17544 (base 8) to base 3
102000122
What is 2363a (base 15) in base 10?
112780
56a1470 (base 11) to base 4
212002222331
What is 431842 (base 10) in base 7?
3446005
Convert 2440223 (base 5) to base 12.
22975
Convert 171486 (base 9) to base 7.
621231
Convert -3303133123 (base 4) to base 13.
-28bc55
What is -3ec34 (base 16) in base 13?
-90021
Convert -102012202221001 (base 3) to base 5.
-3011201042
What is 1104005 (base 6) in base 7?
320141
What is 258255 (base 10) in base 8?
770317
Convert 1571c (base 13) to base 4.
21330302
704ad (base 14) to base 15
54e4e
What is 711320 (base 8) in base 2?
111001001011010000
Convert -212201111200 (base 3) to base 5.
-104420204
4a162b (base 12) to base 6
41500055
-2002202202211 (base 3) to base 8
-4206316
Convert -1101202 (base 3) to base 15.
-47e
Convert 10673a (base 11) to base 5.
20414202
-3130562 (base 7) to base 11
-238481
What is -594ad (base 15) in base 16?
-45793
What is 1147204 (base 8) in base 6?
10430220
What is 715122 (base 8) in base 10?
236114
-32b23 (base 13) to base 5
-10420330
What is 2622494 (base 11) in base 15?
5eab74
What is 1a1084 (base 13) in base 5?
132043313
-2784847 (base 10) to base 2
-1010100111111001001111
What is -10263157 (base 8) in base 12?
-896893
592764 (base 10) to base 4
2100231330
Convert -2355213 (base 6) to base 2.
-11110010101111001
124051140 (base 7) to base 12
2788990
Convert 1b751 (base 15) to base 7.
521434
-401100411 (base 6) to base 15
-8dbc67
Convert -9b8d4 (base 14) to base 5.
-44041212
Convert 1c0fb8 (base 16) to base 3.
10110102200022
What is 242635 (base 10) in base 8?
731713
124322 (base 6) to base 4
2301122
What is 13202302230 (base 4) in base 12?
7b4490
66c6a (base 16) to base 13
1197c4
Convert 2a0922 (base 15) to base 10.
2027057
What is 3330431 (base 5) in base 11?
3a837
-182063 (base 10) to base 12
-8943b
-1010021000011 (base 3) to base 11
-377532
What is 32522153 (base 6) in base 14?
1b54d7
Convert -124983 (base 11) to base 6.
-4115141
-120211211211220 (base 3) to base 9
-16754756
Convert -150135235 (base 6) to base 8.
-13627247
-31402311 (base 5) to base 7
-2143162
What is -426586 (base 11) in base 4?
-2212202323
58274 (base 10) to base 15
123ee
42310434 (base 5) to base 3
122222102021
Convert 10244267 (base 8) to base 5.
1024300203
-11156560 (base 7) to base 4
-3231120331
Convert 10304211 (base 5) to base 7.
514503
What is -1002112202001 (base 3) in base 2?
-10001101111110110010
539a7 (base 15) to base 8
1006330
bc2a03 (base 16) to base 5
11124102043
-390137 (base 10) to base 6
-12210105
What is -22106055 (base 7) in base 13?
-517530
What is 38930 (base 11) in base 16?
d98d
120122220210011 (base 3) to base 15
ae66cd
What is 90660 (base 12) in base 6?
4004200
What is 5087b (base 15) in base 11?
164686
-9c131d (base 14) to base 9
-10874685
What is -457717 (base 8) in base 16?
-25fcf
Convert 54016650 (base 7) to base 9.
8570483
What is -1233200 (base 6) in base 9?
-111580
Convert -aa5a51 (base 13) to base 6.
-221550425
What is -120222301231 (base 4) in base 9?
-13145537
What is -193104 (base 11) in base 13?
-a5205
What is 6022531 (base 7) in base 12?
2a3a01
Convert 417427 (base 8) to base 10.
139031
Convert 1101002110102 (base 3) to base 16.
b23d0
10435101 (base 6) to base 16
4d28d
What is -625145 (base 7) in base 13?
-39b99
What is 1da439 (base 14) in base 2?
100000100001000100011
Convert -8547b (base 12) to base 9.
-286285
What is 20144302 (base 5) in base 10?
162452
What is -29ed9 (base 16) in base 9?
-281518
What is -13011133010 (base 4) in base 5?
-433414401
What is -7166 (base 13) in base 10?
-15632
What is -1642564 (base 7) in base 2?
-110111111011010000
112220420 (base 5) to base 9
853271
Convert 111545625 (base 7) to base 5.
3220123120
376346 (base 13) to base 8
5040701
What is -718913 (base 13) in base 16?
-2862c5
Convert -333727 (base 10) to base 3.
-121221210021
What is 243214 (base 6) in base 13?
9a03
2cf17f (base 16) to base 13
7c185a
What is -131230102211 (base 4) in base 8?
-35542245
What is -100333123221 (base 4) in base 6?
-235244533
935586 (base 14) to base 16
4bd7f2
Convert -3201a8 (base 11) to base 4.
-1331022202
What is -114121044 (base 5) in base 11?
-336598
What is 12120203031 (base 4) in base 15?
230c66
-77112 (base 16) to base 7
-4100601
What is 1300330300 (base 4) in base 7?
3634543
What is 9c25a (base 16) in base 11?
3a7585
-22110432 (base 6) to base 5
-132144140
250409 (base 14) to base 11
797071
What is 30b5935 (base 12) in base 14?
131546d
What is 3543434 (base 7) in base 16?
6d55c
What is -2087488 (base 9) in base 7?
-12345602
210111102 (base 4) to base 13
52977
10211112210 (base 3) to base 14
1d71c
What is 100101001010001010110 (base 2) in base 3?
2021212021010
Convert -2424136 (base 8) to base 3.
-1020211011100
What is -2142541 (base 8) in base 2?
-10001100010101100001
Convert -101112002211 (base 3) to base 4.
-302210020
What is -3670 (base 8) in base 9?
-2635
-12212630 (base 9) to base 15
-7ce956
What is -12418 (base 12) in base 11?
-17695
-342553334 (base 6) to base 7
-104350432
What is -133330322022 (base 4) in base 7?
-131123445
Convert -20c352 (base 13) to base 14.
-160620
Convert -21b40a (base 12) to base 11.
-338226
What is -41376c3 (base 13) in base 6?
-1543545340
What is 131131303113 (base 4) in base 16?
75dcd7
What is 6529616 (base 10) in base 16?
63a250
Convert -214223104 (base 5) to base 15.
-135754
Convert -152a18 (base 15) to base 16.
-f9653
Convert -1b5749 (base 12) to base 7.
-4064520
What is 12d3701 (base 14) in base 13?
1b71621
-1821311 (base 11) to base 7
-35162352
Convert 222144211 (base 6) to base 10.
4026319
What is -101b5 (base 13) in base 14?
-a74a
What is 3342424 (base 5) in base 10?
59114
-6313412 (base 7) to base 10
-759950
Convert -17b69 (base 15) to base 5.
-4424244
Convert 226033 (base 8) to base 7.
436662
Convert -3031221222 (base 4) to base 15.
-1198b6
What is -7143594 (base 10) in base 14?
-d3d4ca
-314333 (base 10) to base 11
-1a5188
Convert 11533450 (base 6) to base 12.
15a286
2010302012 (base 4) to base 6
15353542
Convert -10b34a9 (base 16) to base 13.
-38218b8
Convert 17360 (base 12) to base 8.
101070
-3013014340 (base 5) to base 10
-5985595
Convert -2480c5 (base 14) to base 7.
-13431335
What is -212311102 (base 4) i